 -3*l**2 - 5*l - 238 + 4*l**2 + 526 - 287. What is i(r)?
1
Let j = -545 + 540. Let y(x) = x**3 + 4*x**2 - x + 6. Calculate y(j).
-14
Let k(v) = v**3 - 8*v**2 - 4. Suppose 3*r - b - 20 = 0, -4*r + 5*b + 12 = -0*r. What is k(r)?
-4
Let p(d) be the second derivative of d**4/4 - d**3/3 - d**2 - 9*d. Suppose -5*l - 13 + 60 = 4*m, 4*l - 52 = -5*m. Let i be 20/m*(-4)/(-5). What is p(i)?
6
Let m = 15 + -6. Suppose -m = s - 5*l, 2*s - l - 3 = -3*s. Let x(z) = 3*z**3 + z**2 - 1. What is x(s)?
3
Let f = 129 - 126. Let h(l) = 43*l - f - 46*l + 0*l**2 + l**2 - 2*l**2. Determine h(-4).
-7
Let t(p) = p**3 - 6*p**2 + 9*p - 12. Let f be 2 + 4 + 2*1/(-2). Let d be t(f). Let v(i) = i**3 + 1 + 0*i + 2*i**2 + 1 - 11*i**2 + 9*i. Calculate v(d).
10
Let m(t) = 6*t**2 + 2*t + 12. Let n(a) = -18*a**2 - 7*a - 35. Let w(i) = -7*m(i) - 2*n(i). Let d(g) be the first derivative of w(g). Give d(1).
-12
Let x be (4/(-6))/(2/(-12)). Let j(y) = -5*y + 2*y**2 - y**3 + 4*y - 7*y**2 - 3 + x*y. Suppose 6*c = 3*c - 18. What is j(c)?
15
Suppose o + 4*o = 5. Let f(r) = 28*r + 6. Let w be f(3). Let n(j) = -j - 47 - j**2 - 42 - 6*j**3 + w. Determine n(o).
-7
Let h(t) = 2*t - 7. Let a(d) = 1. Let w(q) = 6*a(q) + 3*h(q). What is w(6)?
21
Let n(k) = 16*k + 40. Let j be n(-3). Let o(m) = m + 5. Calculate o(j).
-3
Suppose -8*y - 5 = -21. Let w(u) = -5*u**y - u**2 + 4 - u**3 - u**2 - 10. Suppose -c = 3*c + 28. Give w(c).
-6
Let m(c) = 2*c. Let w be 8/(-4 - (-150)/35). Let i = -30 + w. Give m(i).
-4
Let n = -259 - -262. Let d(w) be the first derivative of 1/4*w**4 - 5/2*w**2 + 4/3*w**n + 3 + 2*w. Determine d(-5).
2
Suppose -m + 27 = 8*m. Let b(o) = -13*o**3 + 9*o**m - 4 + 5*o**3 + 4*o**2 - o. Calculate b(-4).
0
Let h(v) = -v + 3. Let g be h(-5). Let s = 10 - g. Let b(y) = 2*y**s - y**2 + 0 - 2*y**2 - 1. Calculate b(-2).
-5
Let x(b) = -4*b**2 - 2*b - 1. Let l be (4 - -3) + (-6)/2. Suppose -4 + 0 = l*p. Give x(p).
-3
Let x(a) = 5*a - 9. Let j(w) = -w**3 - 15*w**2 - w - 11. Let b be j(-15). Let g(o) = 11*o - 19. Let l(p) = b*g(p) - 9*x(p). Give l(4).
1
Let j(d) = 2*d**2 - 4*d - 1. Let t(f) = 2*f**2 - 3*f - 2. Let y(h) = -6*j(h) + 7*t(h). Let b(c) = -3*c**2 - 5*c + 15. Let w(z) = 3*b(z) + 5*y(z). Give w(0).
5
Let s = 388 - 393. Let o(n) = -n**2 - 7*n - 4. Calculate o(s).
6
Let w(l) = 2*l - 19. Let k(b) = b**3 + 19*b**2 - 18*b + 54. Let v be k(-20). Give w(v).
9
Let i(j) = 2*j + 1. Let g be (-20)/9 - (-17 + 906/54). Calculate i(g).
-3
Suppose 39*o = 40*o. Let d(k) = -5*k + o + 2*k - 1 - 7. Calculate d(-6).
10
Let w(d) be the first derivative of -1/4*d**4 + 2*d - 2/3*d**3 - 12 - d**2. Give w(-2).
6
Let w = -443 - -450. Let j(f) = f**2 - 3*f - 26. Give j(w).
2
Let k(j) = 0*j**2 - 3*j**2 - 2*j**2 - 11*j - j**3 + 7*j. Let d(g) = 7*g + 10. Let t be d(-2). Calculate k(t).
0
Let f(s) be the second derivative of -1/4*s**4 + s**2 - 1/20*s**5 - 11*s + 0 + 1/2*s**3. What is f(-4)?
6
Suppose 0 = z - 6*r + 2*r + 10, -2*z - 8 = -4*r. Let b be (12*(-1)/(-10))/(z/(-10)). Let h(g) = g**2 + 6*g - 3. Give h(b).
-3
Let j(n) = -n + 3. Suppose 3*f = -3*q + 21, 0 = -3*q + f + 7 + 6. Give j(q).
-2
Let y = 280 + -275. Let j(x) = x**3 - 7*x**2 + 11*x - 4. Give j(y).
1
Let t(o) = -3*o - 2. Suppose 7 = -5*n - 8. Let i be (-1 - -3)/(n/(-6)). Suppose 7*w - 4*w - 3 = 5*f, -3*f + 7 = -i*w. What is t(f)?
7
Let r = 6 - 6. Suppose -2*m + 10 = r, 3*m = l + 2*l + 9. Let h(j) = 1 - 6*j + 3*j + 2*j + l*j. Calculate h(-2).
-1
Suppose -15*f + 17*f - 5*l - 12 = 0, 0 = 4*f - 2*l - 24. Let t(s) = -2*s + 7*s - 9 - 2*s. What is t(f)?
9
Suppose 0 = -5*l + 6 + 4. Suppose 12 = l*g + 6. Let c(n) be the first derivative of -n**2 + 4*n - 8. Give c(g).
-2
Let k(c) = c**3 - 8*c**2 + 8*c - 4. Let g be -14*(12/(-8) - -1)/1. What is k(g)?
3
Let m(h) be the second derivative of h**4/12 + 5*h**3/6 + 5*h**2/2 + h. Suppose 4*d - 50 = 5*o, -3*d = o + 6 - 15. What is m(o)?
11
Let l = 34 + -29. Let x(m) = -m + m**2 - l*m - 3*m + 3*m. Give x(6).
0
Let l(m) be the third derivative of -m**4/8 + 7*m**3/6 + 6*m**2 + 49. What is l(-3)?
16
Let g(p) be the first derivative of -p**4/4 + 7*p**3/3 - 5*p**2/2 + 7*p - 11. What is g(7)?
-28
Let q(c) = c**3 - c**2 - 2*c - 3. Let m be q(2). Let w(i) = 2*i + 5. Let h(v) = -3*v - 4. Suppose 0 = 3*l + 5 + 1. Let y(g) = l*w(g) + m*h(g). Give y(-2).
-8
Let n(x) = 81*x - 1. Let w(i) = -47*i. Let l(r) = -3*n(r) - 5*w(r). Calculate l(-1).
11
Let x(p) = -4*p + 32 + 27 + 9*p + 4*p. Let t be x(-6). Let a(q) = q**3 - 4*q**2 - 4*q + 1. Determine a(t).
6
Let s(z) = z**2 - 13*z + 8. Let v = -235 + 247. Give s(v).
-4
Let v(u) = u**2 + 11*u + 6. Suppose 2*q - 21*q = 209. Calculate v(q).
6
Let j(b) = -b - 8. Let o(y) = 4 + 4*y + y**2 - y + 2*y. Let r be o(-4). Suppose 5*s + r*s = -30. Calculate j(s).
-2
Let v(t) = -2*t + t**2 - 3*t - 80 + 3*t + 84. Determine v(3).
7
Let f be (-688)/(-20) + 6/10. Let n be (14/f)/((-2)/(-10)). Let b(k) = 3*k**2 + 4*k - 4 + 0*k**n - 1 - 2*k**2. What is b(-4)?
-5
Let y be 3/2 - (-2)/((-16)/100). Let k(f) = -f**2 - 12*f - 7. Let b be k(y). Let c(w) = w**2 - 5*w - 2. Calculate c(b).
-6
Suppose -5*w = -4 - 36. Let p(u) = 27*u - 13*u - 15*u - w. What is p(6)?
-14
Let c(h) = -2 + 2807*h**3 + 2817*h**3 - 5622*h**3 - h**2 + h + 3. Determine c(-2).
-21
Suppose 0 = -4*a + 5 + 3. Let m(h) = a*h + 2*h - h - 1 + 3. Determine m(3).
11
Let o(i) = -12*i**2 - i**2 + 12*i**2 + 13 - 5 - 12*i. What is o(-12)?
8
Suppose -3*o = -0*x + 4*x - 18, 0 = 5*x - o - 13. Let h(j) = 1 - 3*j**2 + x*j + 1 - j. Determine h(3).
-19
Let d(q) = q**2 - q + 1. Let k(y) = -3*y**2 + 9*y - 10. Let b(v) = -2*d(v) - k(v). Let s be b(4). Let h(u) = u**3 + 4*u**2 + 3*u. What is h(s)?
-12
Suppose -11 + 2 = -3*n. Suppose -5*c = -5*w, n*w - 1 = -2*c - 16. Let j(u) = u**3 + 2*u**2 - 3*u. What is j(w)?
0
Let p(u) = -5*u**3 - 8*u - 9. Let w(k) = 4*k**3 + 4*k**2 - 30*k + 17*k + 20*k + 8 - 3*k**2. Let s(q) = 3*p(q) + 4*w(q). Calculate s(-4).
-11
Let q(i) = 15*i**2 - 26 + 15*i**2 + 4 - 49*i**2 + 20*i + 21*i**2. Give q(-11).
0
Let x = 892 - 883. Let t(d) = -d + 7. Determine t(x).
-2
Let q(s) = -4*s + 7. Let h be q(-1). Suppose -h*d = -13*d. Let k(p) = p**2 - p - 9. Calculate k(d).
-9
Let y(c) = -c**3 + 7*c**2 + 5. Let d be -3*50/45*3. Let f be -2 + 4 + d/(-2). What is y(f)?
5
Let n(g) = g**3 + 7*g**2 - 9*g. Let v = 79 + -87. What is n(v)?
8
Let g(x) be the first derivative of x**3 + x**2/2 + 166. Determine g(3).
30
Let g(d) = 0*d**3 - 5 + 5*d + 3 + d + 7*d**2 - 4 + d**3. What is g(-6)?
-6
Let b(t) = 0*t + 1 + 6*t**3 + 2*t + t**2 - 3*t. Let d(j) = -j - 2. Let z be d(-10). Suppose -i = -9 + z. Determine b(i).
7
Suppose -13*z = -10*z - 9. Let i(t) = 4 + z*t**2 - 6*t**2 - t**3 - 3 - 3*t**2. Calculate i(-6).
1
Let x(j) = -j**3 + 6*j**2 + 2*j - 7. Let z = -57 + 60. Let f(w) = w**2 + w + 1. Let n be f(-2). Let m = n + z. Calculate x(m).
5
Let l(t) = -2*t**3 - t**2 - t - 1. Let u(y) = 13*y**3 + 5*y**2 + 7*y + 10. Let k(g) = -6*l(g) - u(g). Let r = -1 - 0. Let q = -1 - r. What is k(q)?
-4
Let k(m) = m**3 + 4*m**2 - 12*m + 3. Suppose -4*a - 4 = 2*w, -3*w - 2*w - 5*a - 20 = 0. Give k(w).
3
Suppose 4*t + 1 = 9. Let m be (-2)/(-2) + -2 + 48. Let q(h) = -42 - t*h - m + 91. Determine q(2).
-2
Let v(g) = -g**3 + 8*g**2 + 11. Let y = -788 + 796. Determine v(y).
11
Let s = 78 - 71. Suppose 3*j + j - 8 = 0. Let d(r) = -11 - s*r - 2*r**j + r**2 + 9. Give d(-7).
-2
Let q(v) = -5*v + 1 - 1 + 1 - v. Let i(l) = 18*l - 4. Let o(z) = 3*i(z) + 8*q(z). Suppose -2 = -2*f + 3*t + 3, -4*t = -5*f + 16. Calculate o(f).
20
Let i(r) = -3*r**3 - 5*r**2 + 9*r - 9. Let s(g) = g**3 - g**2. Let o(j) = i(j) + 4*s(j). Determine o(8).
-1
Let h(d) = -d**2 + 5*d - 7. Let i be h(5). Let c(j) = -72*j**2 - 2*j**3 + 5 + j**3 + 31*j**2 + 34*j**2. Calculate c(i).
5
Let c = 8 - 2. Let b(u) = -2*u - 5. Let y be b(-4). Let z(k) = -8*k - k + 2*k + k**2 - y. Determine z(c).
-9
Let i(n) be the first derivative of -n**2/2 + n + 2. Let q(x) = -x**3 - x**2 + x - 4. Let o be q(-3). Let f = 14 - o. Determine i(f).
-2
Let u(i) be the third derivative of i**6/120 + i**5/12 - i**4/6 + 4*i**3/3 + 182*i**2. Calculate u(-6).
-4
Let w(a) = -a - 9. Let k be (-6)/4 - -1 - 28/8. Calculate w(k).
-5
Let d = 50 - 43. Suppose -d = 2*z + 5*z. Let x(w) = -w**2 - w. Let p(v) = -v**2 - 2*v. Let m(l) = -p(l) + 3*x(l). Determine m(z).
-1
Suppose